der when 49 is divided by l?
10
Suppose 0*a - 15 = -5*a. Let d be 32/12*a/2. Calculate the remainder when d/2 + (4 - -2) is divided by 3.
2
Suppose 8*k = 4*k. Calculate the remainder when 23 - k/(-1) - 2 is divided by 11.
10
Let l(m) = -3 - 3 + 3 + 26*m. Let t(x) = -x**3 + 4*x**2 + 4. What is the remainder when l(2) is divided by t(3)?
10
Let u = 4 + -1. Suppose 0 = -u*x + 7*x - 84. Let a(g) = g**3 - 19*g**2 + 3*g - 17. Calculate the remainder when a(19) is divided by x.
19
Let l = -5 + 11. Let h = 4 + l. Calculate the remainder when h is divided by 6.
4
Suppose -4*l = -4*b + 24, l + 18 - 4 = -b. Let j = -1 - l. Calculate the remainder when j is divided by 5.
4
Let l = 5 - 1. Suppose 0 = -72*h + 66*h + 132. What is the remainder when h is divided by l?
2
Let a(p) = p + 10. What is the remainder when 29 is divided by a(5)?
14
Suppose 0 = 6*w - 3*w - 33. Suppose -t + 1 = -2*n + w, -2*n - 5*t - 14 = 0. What is the remainder when 5 is divided by n?
2
Suppose 3*t = -2*y + 18, 7 = 3*y - 5*t - 1. What is the remainder when 6 + -3 + 5 + 1 is divided by y?
3
Let n = 4 + -3. Calculate the remainder when (2 + 0)/4*20 is divided by (0 - 1)/(n/(-4)).
2
Let u = 149 + -94. Calculate the remainder when u is divided by 14.
13
Let k(p) = 12*p**2 - p + 1. What is the remainder when 46 is divided by k(1)?
10
What is the remainder when 69 is divided by (-16)/(-2 - (-8)/6)?
21
Let q = -188 - -331. Calculate the remainder when q is divided by 36.
35
Suppose 0 = -11*x + 12*x - 7. Calculate the remainder when 13 is divided by x.
6
Let p(t) = 5*t + 4. Let u be p(7). Let k = -25 + u. Let v(n) = -n**3 + 9*n**2 + 2*n - 10. Calculate the remainder when k is divided by v(9).
6
Let w(p) = 3*p - 3. Let y be w(7). Let j = y + 17. Suppose 2*f + 72 = 6*f. What is the remainder when j is divided by f?
17
Let c = -10 + -5. What is the remainder when 26 is divided by (5/c)/((-3)/81)?
8
Let i(b) = 54*b + 1. Calculate the remainder when i(1) is divided by 14.
13
Let c be (2/(-1))/(-1 - 0). Let z(v) = 5*v + 2. Suppose 0 = -l + 4, -l + 2*l = 2*n - 10. What is the remainder when z(c) is divided by n?
5
Let l be (5/10)/(2/(-212)). Let k = 14 + l. What is the remainder when 25 is divided by ((-2)/(-3))/((-2)/k)?
12
Let g = 32 - 23. Suppose -4*i - 8 = -2*l, -6*i = l - 4*i + 8. Calculate the remainder when ((-136)/(-4))/(0 - l) is divided by g.
8
Calculate the remainder when 30/(8/(-6) - -2) is divided by 16.
13
Let x = -48 - -71. Let k = -43 - -51. What is the remainder when x is divided by k?
7
Let r = -19 + 40. Suppose -10 = -2*q + 3*j, 0 = 3*q + 4*j - 9*j - 13. What is the remainder when r is divided by q?
10
Let g(a) = a**3 - 3*a**2 + a. Let q be g(3). Suppose -2*r + 8 = -2*t + 22, 0 = -3*r - q. What is the remainder when ((-9)/4)/((-3)/12) is divided by t?
3
Let t = 18 + 0. Suppose -8*w - 8 = -4*w. What is the remainder when 422/8 + w/(-8) is divided by t?
17
Let m(p) = -22*p + 25. Let b(k) = 11*k - 12. Let u(x) = -9*b(x) - 4*m(x). What is the remainder when u(-6) is divided by 19?
17
Let x be (-3)/5 - 162/30. Let n(t) = -2*t + 6. Calculate the remainder when 34 is divided by n(x).
16
Suppose -t + 1 = 0, k = -0*k - 5*t + 33. Calculate the remainder when 221 is divided by k.
25
Let u = -327 + 479. Let p = u + -104. What is the remainder when p is divided by 25?
23
Suppose 2*b = f + 4, -b + 3*f + 2 = -0. What is the remainder when (-35)/(-2) + b/4 is divided by 10?
8
Suppose -l - 11 = -2*l. What is the remainder when l is divided by ((-2)/(-5))/((-8)/(-80))?
3
Let u(k) = k**2 + 8*k - 10. What is the remainder when 19 is divided by u(-10)?
9
Suppose 2*f + 12 = 382. What is the remainder when f is divided by 31?
30
Let y = 84 + -35. Suppose -2*n + y = -5*o, 4*n - o = -3*o + 110. What is the remainder when 79 is divided by n?
25
Let w = -33 + 70. Let b be 1228/18 - (-8)/(-36). Let s = b - w. What is the remainder when s is divided by 11?
9
Let w(p) = -p**3 + 6*p**2 + 3*p - 8. Let k be w(6). Suppose 0*a = a - k. Calculate the remainder when 38 is divided by a.
8
Let h = -104 + 123. Calculate the remainder when 52 is divided by h.
14
Let b = -51 + 77. What is the remainder when b is divided by 15?
11
Let s = -7 - -7. Suppose s = -k + 2, -30 = -4*x + 4*k + 62. Calculate the remainder when x is divided by 9.
7
Suppose -102 = -2*l - 10. Let d be -4*3*(-11)/4. Let m = 49 - d. Calculate the remainder when l is divided by m.
14
What is the remainder when 3 is divided by (4/(-6))/((-24)/108)?
0
Let i = -43 + 73. Calculate the remainder when 119 is divided by i.
29
Let a = 5 + -1. Calculate the remainder when -2 - -8*38/a is divided by (-59)/(-3) - (-4)/(-6).
17
Let s = -150 - -220. Suppose s = -0*p + 5*p. Let q = 1 - -4. What is the remainder when p is divided by q?
4
Let i(h) = 2*h**2 + 6*h + 2. Let k(o) = o**3 + 12*o**2 + o - 6. Let x be k(-12). Let m = x + 22. What is the remainder when i(-4) is divided by m?
2
Let f = 43 - 24. What is the remainder when 72 is divided by f?
15
Suppose -5*p = -97 - 148. Let u = 89 - p. What is the remainder when u is divided by 14?
12
Let v = 25 + -24. Calculate the remainder when 41 is divided by 15 + v/(-1) + -3.
8
Let k(l) = l**3 + 53. Suppose 3*v = -0*v + 54. What is the remainder when k(0) is divided by v?
17
Let f = -1 + 6. What is the remainder when 8 is divided by f?
3
Calculate the remainder when ((-8)/12)/(4/(-114)) is divided by -1 + -1 + -2 + 9.
4
Let a(s) = -s**2 + 6*s + 2. Let k be a(5). Suppose k = 3*p + d, 5*d = p - 14 - 15. Calculate the remainder when (84/15)/(p/20) is divided by 10.
8
Let q be 2/5 - 18/(-5). Let a = 478 + -856. What is the remainder when 24 is divided by q/10 - a/30?
11
Suppose -185 = -2*m + 191. Suppose -4*d + 380 + m = 0. Let j = d + -98. Calculate the remainder when j is divided by 15.
14
Suppose y + 3*y + 8 = 3*c, 0 = -5*y - 4*c + 21. Calculate the remainder when (y - 28)*6/(-9) is divided by 10.
8
Suppose -12*l = -730 + 130. What is the remainder when l is divided by 27?
23
Calculate the remainder when 44*((-4)/(-8) + 6/4) is divided by 18.
16
Suppose 0 = 6*m - 60 - 156. Calculate the remainder when m is divided by 21.
15
Suppose 0*o + 10 = 5*o. Suppose -3*k + t - 1 = o, 0 = t - 3. Suppose 0 = -d - k*d + 20. Calculate the remainder when d is divided by 11.
9
Let p(n) = n**2 + 17*n + 4. Calculate the remainder when p(-20) is divided by 22.
20
Let v = 32 + -19. Let l be ((-2)/4)/((-2)/(-32)). Let p = v + l. Calculate the remainder when 13 is divided by p.
3
Suppose -3*z = -5*d - 0 + 10, -4*z = 0. Let f(x) = 2*x**2 - 5*x - 4. Let a be f(4). Calculate the remainder when 14 is divided by -2 - (-1*d - a).
6
Suppose -5*a + 17 = -83. Suppose -o - 5*d + a + 10 = 0, -4*o + 141 = -d. Calculate the remainder when o is divided by 12.
11
What is the remainder when 4 - 5*-3 - 0 is divided by 4?
3
Suppose 2*u + 17 = i + 5, -4*i + 28 = -4*u. Suppose 3*c - 1 = i*z, 4*z + 3*c - 5*c = 18. Suppose z*h = 3*h + 48. What is the remainder when 34 is divided by h?
10
Let b be (4/14)/((-15)/(-315)). Calculate the remainder when (-5)/(1*(-2)/22) is divided by 56/b*12/8.
13
Let f be 44*(0 + 2)/1. Let k = f - 60. What is the remainder when k is divided by 15?
13
Let j be 3/(-6) - 14/(-4). Let s be j - (10 - (-3 + 0)). Calculate the remainder when (-55)/(-2)*(-16)/s is divided by 15.
14
Let c(g) = 3*g - 3. Let h be c(-4). Let d = 22 + h. What is the remainder when 27 is divided by d?
6
Let c be 8*(-2)/(8/(-9)). Suppose 0 = 3*n - 0*n - c. Calculate the remainder when (-40)/6*(-9)/6 is divided by n.
4
Suppose 2*g = -0*g. Suppose 3*y - 19 = -u, u - y - 1 - 10 = g. Calculate the remainder when u is divided by 7.
6
Suppose -3*u = -5*v - 2*u - 99, 81 = -4*v - u. Let h = 4 - v. Suppose 5*n - n = h. Calculate the remainder when 11 is divided by n.
5
Let v(i) = 11*i + 5. Let l be (9 - 9)/(2*1). Suppose -2*k + 2 + 32 = l. What is the remainder when v(4) is divided by k?
15
Let l(x) = x**3 + 6*x**2 + 4*x + 2. Let b be l(-4). Suppose 0 = -d - d + b. Calculate the remainder when d is divided by 6.
3
Let h(r) be the third derivative of r**4/12 - 3*r**3/2 + 4*r**2. What is the remainder when 14 is divided by h(7)?
4
Suppose 0*d - 40 = -4*d. Let p(q) = 2*q**2 - 2. Let c be p(2). Let h(i) = i**3 - 5*i**2 - 2*i - 5. What is the remainder when h(c) is divided by d?
9